16919201 a composite number?
True
Is 952112027 a prime number?
True
Is 4616675849 a prime number?
True
Is 7290306967 a composite number?
False
Is 1992342481 prime?
False
Is 9790809233 prime?
True
Is 13213726937 prime?
False
Is 2642503879 a composite number?
True
Is 78980020113 a prime number?
False
Is 17304197093 prime?
False
Is 614909689 a prime number?
False
Is 28576745951 prime?
False
Is 102012169217 a composite number?
True
Is 7903466633 prime?
True
Is 631762181 composite?
False
Is 9378891803 a composite number?
True
Is 58130180861 composite?
False
Is 35541307121 composite?
True
Is 62719157 a composite number?
False
Is 5836776443 composite?
False
Is 644275187 a composite number?
True
Is 528462241 a composite number?
True
Is 2625258613 composite?
False
Is 318078899 a composite number?
True
Is 21905687 prime?
True
Is 721790953 a composite number?
True
Is 6385666039 composite?
True
Is 14352420253 composite?
False
Is 228887759 a composite number?
False
Is 20350363435 prime?
False
Is 2319659303 a composite number?
True
Is 180976452739 a prime number?
True
Is 1008276979 a prime number?
True
Is 15648385439 prime?
True
Is 2440432789 prime?
False
Is 38245483037 composite?
True
Is 70192444357 prime?
False
Is 34050253 a composite number?
False
Is 3483096091 a composite number?
False
Is 32860955429 a composite number?
False
Is 11463232237 prime?
True
Is 6663599 composite?
False
Is 451235417 prime?
True
Is 11525360213 a prime number?
True
Is 212743654 composite?
True
Is 35189040197 composite?
True
Is 78604333993 a composite number?
True
Is 11506442501 prime?
True
Is 2500494779 a prime number?
True
Is 29177861597 composite?
False
Is 381765893 a composite number?
True
Is 786559691 a composite number?
True
Is 1134976891 a prime number?
True
Is 85234519451 a prime number?
False
Is 6712333609 a prime number?
True
Is 7512550957 a prime number?
True
Is 167432758763 a composite number?
False
Is 51501738241 composite?
True
Is 2522184581 a composite number?
True
Is 971737409 composite?
True
Is 387785647 composite?
True
Is 36434769307 prime?
False
Is 38799646019 a composite number?
False
Is 2293786531 prime?
False
Is 474610541 prime?
False
Is 3870157567 prime?
False
Is 1804070353 a prime number?
False
Is 132707091641 a composite number?
False
Is 323558593147 prime?
True
Is 166526009809 prime?
True
Is 276069823 a prime number?
False
Is 251164153 composite?
False
Is 445866851665 a composite number?
True
Is 946260646 a prime number?
False
Is 3097441681 composite?
False
Is 2905976707 prime?
False
Is 1667956603 a composite number?
True
Is 8393938087 composite?
False
Is 1599985267 composite?
True
Is 3792991357 prime?
True
Is 3210291473 a prime number?
True
Is 5526946031 a prime number?
True
Is 1691983549 a composite number?
False
Is 129778547 a prime number?
True
Is 10715406631 a composite number?
True
Is 6203216237 a prime number?
False
Is 212060278691 composite?
True
Is 11636133073 a composite number?
False
Is 396311991 a composite number?
True
Is 382231193 prime?
False
Is 19861876093 composite?
False
Is 71882875721 a prime number?
False
Is 25310252453 a composite number?
True
Is 3838818211 a composite number?
False
Is 34603 a composite number?
False
Is 179859331397 a composite number?
False
Is 13683242821 a composite number?
True
Is 828323807 a prime number?
True
Is 134528099 prime?
True
Is 81741190829 a composite number?
True
Is 644901559 prime?
True
Is 64041319843 composite?
False
Is 41096728157 a prime number?
False
Is 26620034461 prime?
True
Is 603173587 a composite number?
True
Is 4126427471 a composite number?
False
Is 16852053583 composite?
True
Is 3697285513 prime?
True
Is 1238656355 a prime number?
False
Is 1937125357 a prime number?
True
Is 42542880671 a composite number?
False
Is 154889834039 a prime number?
True
Is 4920073033 a prime number?
True
Is 23970555923 a composite number?
False
Is 179755115197 prime?
False
Is 2771633521 prime?
True
Is 940503647 a composite number?
True
Is 52111740353 a prime number?
True
Is 17610282913 a composite number?
False
Is 735009983 a composite number?
False
Is 11050476995 a composite number?
True
Is 2206665493 prime?
True
Is 661162979 a composite number?
False
Is 49400130919 a prime number?
True
Is 437942437 composite?
False
Is 8797361113 composite?
False
Is 868815557201 a prime number?
True
Is 3009119485 composite?
True
Is 3422034607 a composite number?
True
Is 439822712269 a prime number?
True
Is 872558171 composite?
False
Is 885514276141 prime?
False
Is 18807240973 a prime number?
True
Is 26288804023 a composite number?
False
Is 181108329829 prime?
False
Is 111981659 a prime number?
True
Is 42248031503 a composite number?
False
Is 53111805899 composite?
True
Is 971617223 a composite number?
True
Is 1458474463 a prime number?
False
Is 814829107 a prime number?
False
Is 14591302241 a prime number?
False
Is 116802571 a composite number?
False
Is 230298359 prime?
True
Is 412871827 a prime number?
False
Is 108483517 a composite number?
False
Is 3242008559 a prime number?
True
Is 186561611 prime?
False
Is 23916680561 a prime number?
True
Is 20771996419 composite?
True
Is 19135395502 a prime number?
False
Is 2583062359 prime?
True
Is 4639187587 composite?
True
Is 721155893 a composite number?
True
Is 269932879 composite?
False
Is 115381027 a prime number?
False
Is 3081090121 a composite number?
False
Is 10527271523 a prime number?
True
Is 1782948439 prime?
True
Is 307141313 prime?
True
Is 146710231 composite?
False
Is 364359479 prime?
False
Is 2378245 a prime number?
False
Is 2424482483 a prime number?
False
Is 57378401989 a prime number?
False
Is 660017451 a composite number?
True
Is 37930340953 a prime number?
True
Is 57331795 composite?
True
Is 6859232687 a prime number?
False
Is 136816451 composite?
False
Is 495227027 composite?
True
Is 6475832323 a composite number?
True
Is 1890978899 a prime number?
True
Is 218292473 a prime number?
False
Is 5200323283 a composite number?
True
Is 161702771 composite?
True
Is 3956401403 a composite number?
False
Is 678493787 a composite number?
False
Is 475270787 a prime number?
False
Is 802217887 a composite number?
False
Is 8300738243 a composite number?
True
Is 29140955351 a composite number?
False
Is 342326738417 a prime number?
True
Is 29618250401 a composite number?
True
Is 81357153 a composite number?
True
Is 21202218377 composite?
True
Is 12533268079 composite?
False
Is 62724604857 a composite number?
True
Is 1258502471 prime?
True
Is 243428035 a composite number?
True
Is 2288671747 composite?
True
Is 31402363 prime?
False
Is 54515749 a composite number?
True
Is 21331296026 a prime number?
False
Is 2763498211 composite?
False
Is 3740873 a composite number?
False
Is 53896121 prime?
False
Is 347838083 prime?
False
Is 698035957 composite?
True
Is 2660851939 composite?
False
Is 953842651 a prime number?
False
Is 1309132691 a composite number?
True
Is 627519055 composite?
True
Is 35506210609 a prime number?
True
Is 2605108873 a composite number?
False
Is 82019329 composite?
True
Is 369598389443 prime?
True
Is 16913892833 composite?
True
Is 5792240533 prime?
True
Is 12904462751 composite?
False
Is 559436083 a composite number?
True
Is 11618603713 a composite number?
True
Is 47043929 a prime number?
True
Is 17427819887 a composite number?
True
Is 13493449601 a composite number?
False
Is 1169930737 composite?
False
Is 10504398407 a composite number?
False
Is 5921432117 a prime number?
True
Is 5315041579 a composite number?
True
Is 138603349381 a prime number?
False
Is 3558972187 prime?
False
Is 2867288887 prime?
True
Is 31618908493 a prime number?
False
Is 616584571 a prime number?
True
Is 940268587 composite?
False
Is 672991259 a composite number?
False
Is 173912103943 a prime number?
False
Is 51396168217 a composite number?
False
Is 256623463 prime?
False
Is 1993083611 composite?
True
Is 1448388653 composite?
False
Is 72965578453 composite?
True
Is 13117751249 prime?
True
Is 195361964907 prime?
False
Is 2351690609 composite?
True
Is 1764377539 a composite number?
True
Is 49393505521 a prime number?
True
Is 82816758211 prime?
False
Is 557930059 prime?
True
Is 718911733 prime?
True
Is 35648118841 a prime number?
False
Is 4460076011 a prime number?
False
Is 25762777057 a composite 